f 11305378 and 196.
98
Calculate the highest common divisor of 4623 and 962589.
201
What is the greatest common divisor of 405 and 56796705?
45
What is the highest common divisor of 1876092 and 129876?
948
What is the greatest common divisor of 38540670 and 540?
30
What is the highest common factor of 1773522400 and 13?
13
Calculate the highest common factor of 40205 and 1562147.
731
What is the highest common factor of 611212 and 232400?
2324
Calculate the highest common divisor of 29094790 and 2110.
2110
Calculate the highest common divisor of 1136714 and 9472.
74
Calculate the greatest common factor of 79450 and 4032.
14
What is the highest common divisor of 63099 and 169043?
779
What is the highest common divisor of 10130551 and 48393?
283
Calculate the highest common factor of 6630 and 2058343170.
6630
What is the highest common divisor of 106591080 and 28860?
2220
What is the greatest common factor of 20213 and 41209?
29
Calculate the highest common divisor of 10938 and 5436.
6
Calculate the greatest common factor of 671391 and 1251.
9
Calculate the greatest common factor of 572 and 42836287.
13
Calculate the highest common divisor of 1274625 and 3663.
99
What is the greatest common divisor of 15076 and 103553275?
3769
What is the greatest common factor of 22455 and 515790?
45
What is the greatest common factor of 9 and 649226952?
9
What is the highest common factor of 54923 and 715?
11
What is the greatest common divisor of 424 and 16293366?
106
Calculate the greatest common divisor of 235 and 1917115.
5
Calculate the highest common divisor of 390627375 and 375.
375
What is the greatest common divisor of 780148 and 14596?
164
Calculate the greatest common divisor of 1065376 and 624.
208
Calculate the greatest common divisor of 3266 and 44471489.
1633
What is the greatest common factor of 2941496 and 2?
2
Calculate the greatest common factor of 5910697 and 12649.
1807
What is the greatest common divisor of 935 and 4125917?
17
What is the greatest common factor of 220227584 and 24?
8
What is the highest common divisor of 7146139 and 2457?
91
Calculate the greatest common divisor of 3317 and 6798641.
31
What is the greatest common divisor of 112 and 52659096?
56
What is the greatest common factor of 682104488 and 268?
268
Calculate the highest common factor of 193518 and 8199.
9
Calculate the greatest common divisor of 779804 and 206335.
1423
What is the greatest common divisor of 3758421 and 18209?
139
Calculate the highest common divisor of 166068 and 20475.
63
Calculate the highest common divisor of 9626336 and 320.
32
Calculate the greatest common factor of 16 and 109922352.
16
What is the greatest common factor of 1138309 and 79459?
181
Calculate the greatest common factor of 132681 and 2008827.
141
Calculate the greatest common factor of 14950 and 3522335.
115
What is the highest common divisor of 125136 and 32934?
66
Calculate the highest common divisor of 11731864 and 163028.
3076
Calculate the greatest common divisor of 2142867 and 119.
17
What is the greatest common divisor of 2891 and 94618713?
413
Calculate the greatest common factor of 81624 and 295716.
228
What is the greatest common divisor of 3648 and 9652722?
114
What is the greatest common factor of 65456226 and 198?
198
Calculate the greatest common divisor of 2045123 and 99898.
199
What is the greatest common factor of 19327 and 596288?
77
Calculate the greatest common factor of 14239485 and 27.
9
What is the highest common factor of 3063 and 355682707?
1021
What is the highest common divisor of 134300 and 1612025?
425
Calculate the highest common divisor of 46188 and 6732.
36
What is the greatest common factor of 6413 and 1090331?
121
What is the highest common factor of 214 and 731833990?
214
Calculate the greatest common factor of 9312 and 15753576.
2328
Calculate the greatest common divisor of 14325 and 112828475.
4775
What is the greatest common factor of 692 and 102508036?
692
What is the greatest common divisor of 12896 and 29464384?
992
What is the greatest common divisor of 89068766 and 62?
62
Calculate the greatest common factor of 657695 and 47760.
995
Calculate the highest common divisor of 79 and 29699971.
79
Calculate the greatest common divisor of 9635 and 2376085.
235
Calculate the greatest common factor of 3044230 and 3140.
1570
Calculate the highest common divisor of 1723 and 141908003.
1723
Calculate the greatest common factor of 4598304 and 47424.
1824
What is the highest common factor of 23040 and 2180160?
2880
Calculate the highest common factor of 2260635 and 975.
195
What is the highest common divisor of 44560 and 38160?
80
Calculate the greatest common factor of 4123 and 3282307.
133
What is the highest common divisor of 231671 and 4037?
11
Calculate the highest common divisor of 1502 and 1017761959.
751
What is the highest common factor of 2856 and 8237418?
714
What is the highest common divisor of 319870 and 518520?
290
Calculate the highest common divisor of 2600 and 101800.
200
Calculate the highest common divisor of 1530244 and 1417588.
9388
What is the greatest common divisor of 633510573 and 109239?
8403
Calculate the highest common factor of 64691 and 371294.
11
What is the greatest common factor of 1800 and 4714456?
8
What is the greatest common factor of 593758 and 96037?
137
Calculate the highest common divisor of 31679456 and 13239.
1471
What is the greatest common divisor of 62682720 and 480?
480
What is the highest common factor of 2024 and 2216786?
506
What is the greatest common divisor of 328 and 90771540?
164
Calculate the highest common divisor of 148720 and 227240.
520
Calculate the highest common divisor of 2310 and 2855930.
770
What is the greatest common divisor of 4185 and 6002910?
135
Calculate the highest common divisor of 12 and 7846440.
12
What is the highest common factor of 2635 and 1244960?
155
What is the greatest common divisor of 2999436 and 13392?
372
Calculate the greatest common factor of 1954600 and 5350.
50
What is the greatest common divisor of 65601 and 2226888?
1773
What is the greatest common divisor of 93267 and 69939?
9
Calculate the highest common divisor of 6837 and 524691891.
6837
What is the highest common divisor of 18424 and 158858?
98
What is the greatest common factor of 24 and 3282959160?
24
Calculate the greatest common factor of 660143694 and 3859.
3859
What is the greatest common factor of 216 and 351559224?
216
What is the highest common factor of 2144 and 5085528?
8
Calculate the greatest common divisor of 1939 and 945955.
277
What is the greatest common divisor of 2064 and 6226314?
258
What is the greatest common factor of 216 and 105930288?
216
What is the highest common factor of 46422 and 115578?
18
What is the greatest common divisor of 52 and 36172604?
52
Calculate the greatest common factor of 12 and 2565390.
6
Calculate the highest common divisor of 66465 and 12202130.
1055
Calculate the greatest common factor of 18436 and 86733.
419
Calculate the highest common factor of 31372 and 1924604.
1364
Calculate the greatest common divisor of 2442 and 17399118.
66
Calculate the greatest common factor of 147 and 305233593.
147
What is the greatest common factor of 2695 and 2940?
245
What is the highest common factor of 1390 and 51130?
10
Calculate the highest common divisor of 258475 and 124279.
211
Calculate the greatest common factor of 48384 and 1548216.
72
What is the highest common factor of 7577002 and 85?
17
What is the highest common divisor of 30785339 and 11115?
247
Calculate the highest common factor of 66202 and 71258.
158
Calculate the greatest common factor of 304735 and 354295.
295
What is the highest common divisor of 1080399 and 198915?
447
Calculate the highest common divisor of 564558103 and 1046.
523
Calculate the greatest common divisor of 34267136 and 43616.
1504
What is the highest common divisor of 12679 and 1958292?
409
Calculate the highest common factor of 420948 and 364609.
1063
Calculate the greatest common factor of 594439 and 244477.
1241
What is the greatest common factor of 26016 and 13351086?
1626
What is the highest common divisor of 46101 and 422783?
127
Calculate the greatest common factor of 144 and 1866768.
48
What is the highest common factor 